Nov 30 22:25:25.008 INFO testing twissel/tickets-search against master#8940af3cea4a9a9deabcaf843b2f8cad9a83fc61 for beta-1.31-5
Nov 30 22:25:25.008 INFO running `"docker" "create" "-v" "/mnt/big/crater/work/local/target-dirs/beta-1.31-5/worker-5/master#8940af3cea4a9a9deabcaf843b2f8cad9a83fc61:/target:rw,Z" "-v" "/mnt/big/crater/work/local/test-source/worker-5/beta-1.31-5/master#8940af3cea4a9a9deabcaf843b2f8cad9a83fc61:/source:ro,Z" "-v" "/mnt/big/crater/work/local/cargo-home:/cargo-home:ro,Z" "-v" "/mnt/big/crater/work/local/rustup-home:/rustup-home:ro,Z" "-e" "USER_ID=1000" "-e" "SOURCE_DIR=/source" "-e" "USER_ID=1000" "-e" "CMD=cargo +8940af3cea4a9a9deabcaf843b2f8cad9a83fc61-alt build --frozen" "-e" "CARGO_TARGET_DIR=/target" "-e" "CARGO_INCREMENTAL=0" "-e" "RUST_BACKTRACE=full" "-e" "RUSTFLAGS=--cap-lints=warn" "-e" "CARGO_HOME=/cargo-home" "-e" "RUSTUP_HOME=/rustup-home" "-m" "1536M" "--network" "none" "crater"`
Nov 30 22:25:25.497 INFO [stdout] 7d7c2f0b2a318c8adf579d0f369f50b38ff384d577eff068e8380ba70ad1d052
Nov 30 22:25:25.500 INFO running `"docker" "start" "-a" "7d7c2f0b2a318c8adf579d0f369f50b38ff384d577eff068e8380ba70ad1d052"`
Nov 30 22:25:27.419 INFO [stderr] usermod: no changes
Nov 30 22:25:27.884 INFO [stderr]    Compiling serde v1.0.69
Nov 30 22:25:27.888 INFO [stderr]    Compiling stable_deref_trait v1.1.0
Nov 30 22:25:27.889 INFO [stderr]    Compiling smallvec v0.6.2
Nov 30 22:25:27.903 INFO [stderr]    Compiling num-traits v0.2.5
Nov 30 22:25:27.927 INFO [stderr]    Compiling fixedbitset v0.1.9
Nov 30 22:25:27.928 INFO [stderr]    Compiling ordermap v0.3.5
Nov 30 22:25:27.931 INFO [stderr]    Compiling actix-web v0.6.14
Nov 30 22:25:27.937 INFO [stderr]    Compiling crossbeam-epoch v0.4.3
Nov 30 22:25:29.503 INFO [stderr]    Compiling crossbeam-epoch v0.3.1
Nov 30 22:25:30.231 INFO [stderr]    Compiling tokio-timer v0.2.4
Nov 30 22:25:32.479 INFO [stderr]    Compiling owning_ref v0.3.3
Nov 30 22:25:33.238 INFO [stderr]    Compiling tokio-io v0.1.7
Nov 30 22:25:33.469 INFO [stderr]    Compiling http v0.1.7
Nov 30 22:25:36.972 INFO [stderr]    Compiling mio-uds v0.6.6
Nov 30 22:25:37.313 INFO [stderr]    Compiling syn v0.14.4
Nov 30 22:25:37.725 INFO [stderr]    Compiling parking_lot_core v0.2.14
Nov 30 22:25:38.159 INFO [stderr]    Compiling petgraph v0.4.12
Nov 30 22:25:38.256 INFO [stderr]    Compiling crossbeam-deque v0.3.1
Nov 30 22:25:41.552 INFO [stderr]    Compiling crossbeam-deque v0.2.0
Nov 30 22:25:41.645 INFO [stderr]    Compiling mime v0.3.8
Nov 30 22:25:46.683 INFO [stderr]    Compiling backtrace v0.2.3
Nov 30 22:25:46.684 INFO [stderr]    Compiling tokio-threadpool v0.1.4
Nov 30 22:25:46.756 INFO [stderr]    Compiling error-chain v0.11.0
Nov 30 22:25:52.983 INFO [stderr] error[E0034]: multiple applicable items in scope
Nov 30 22:25:52.984 INFO [stderr]     --> /cargo-home/registry/src/github.com-1ecc6299db9ec823/petgraph-0.4.12/src/graph_impl/stable_graph/mod.rs:1171:19
Nov 30 22:25:52.985 INFO [stderr]      |
Nov 30 22:25:52.985 INFO [stderr] 1171 |         self.iter.find_map(|(i, node)| {
Nov 30 22:25:52.986 INFO [stderr]      |                   ^^^^^^^^ multiple `find_map` found
Nov 30 22:25:52.987 INFO [stderr]      |
Nov 30 22:25:52.987 INFO [stderr] note: candidate #1 is defined in an impl of the trait `iter_utils::IterUtilsExt` for the type `_`
Nov 30 22:25:52.988 INFO [stderr]     --> /cargo-home/registry/src/github.com-1ecc6299db9ec823/petgraph-0.4.12/src/iter_utils.rs:5:5
Nov 30 22:25:52.988 INFO [stderr]      |
Nov 30 22:25:52.989 INFO [stderr] 5    | /     fn find_map<F, R>(&mut self, mut f: F) -> Option<R>
Nov 30 22:25:52.990 INFO [stderr] 6    | |         where F: FnMut(Self::Item) -> Option<R>
Nov 30 22:25:52.990 INFO [stderr] 7    | |     {
Nov 30 22:25:52.991 INFO [stderr] 8    | |         while let Some(elt) = self.next() {
Nov 30 22:25:52.991 INFO [stderr] ...    |
Nov 30 22:25:52.992 INFO [stderr] 13   | |         None
Nov 30 22:25:52.992 INFO [stderr] 14   | |     }
Nov 30 22:25:52.993 INFO [stderr]      | |_____^
Nov 30 22:25:52.993 INFO [stderr]      = note: candidate #2 is defined in an impl of the trait `std::iter::Iterator` for the type `std::iter::Enumerate<_>`
Nov 30 22:25:52.994 INFO [stderr] 
Nov 30 22:25:53.104 INFO [stderr]    Compiling rayon-core v1.4.0
Nov 30 22:25:53.165 INFO [stderr] error[E0034]: multiple applicable items in scope
Nov 30 22:25:53.165 INFO [stderr]     --> /cargo-home/registry/src/github.com-1ecc6299db9ec823/petgraph-0.4.12/src/graph_impl/stable_graph/mod.rs:1363:19
Nov 30 22:25:53.165 INFO [stderr]      |
Nov 30 22:25:53.165 INFO [stderr] 1363 |         self.iter.find_map(|(i, edge)|
Nov 30 22:25:53.165 INFO [stderr]      |                   ^^^^^^^^ multiple `find_map` found
Nov 30 22:25:53.199 INFO [stderr]      |
Nov 30 22:25:53.200 INFO [stderr] note: candidate #1 is defined in an impl of the trait `iter_utils::IterUtilsExt` for the type `_`
Nov 30 22:25:53.200 INFO [stderr]     --> /cargo-home/registry/src/github.com-1ecc6299db9ec823/petgraph-0.4.12/src/iter_utils.rs:5:5
Nov 30 22:25:53.200 INFO [stderr]      |
Nov 30 22:25:53.200 INFO [stderr] 5    | /     fn find_map<F, R>(&mut self, mut f: F) -> Option<R>
Nov 30 22:25:53.200 INFO [stderr] 6    | |         where F: FnMut(Self::Item) -> Option<R>
Nov 30 22:25:53.200 INFO [stderr] 7    | |     {
Nov 30 22:25:53.200 INFO [stderr] 8    | |         while let Some(elt) = self.next() {
Nov 30 22:25:53.200 INFO [stderr] ...    |
Nov 30 22:25:53.200 INFO [stderr] 13   | |         None
Nov 30 22:25:53.200 INFO [stderr] 14   | |     }
Nov 30 22:25:53.200 INFO [stderr]      | |_____^
Nov 30 22:25:53.200 INFO [stderr]      = note: candidate #2 is defined in an impl of the trait `std::iter::Iterator` for the type `std::iter::Enumerate<_>`
Nov 30 22:25:53.200 INFO [stderr] 
Nov 30 22:25:53.251 INFO [stderr]    Compiling tokio-codec v0.1.0
Nov 30 22:25:53.253 INFO [stderr] error[E0034]: multiple applicable items in scope
Nov 30 22:25:53.253 INFO [stderr]     --> /cargo-home/registry/src/github.com-1ecc6299db9ec823/petgraph-0.4.12/src/graph_impl/stable_graph/mod.rs:1527:19
Nov 30 22:25:53.253 INFO [stderr]      |
Nov 30 22:25:53.254 INFO [stderr] 1527 |         self.iter.find_map(|(i, node)| {
Nov 30 22:25:53.254 INFO [stderr]      |                   ^^^^^^^^ multiple `find_map` found
Nov 30 22:25:53.275 INFO [stderr]      |
Nov 30 22:25:53.276 INFO [stderr] note: candidate #1 is defined in an impl of the trait `iter_utils::IterUtilsExt` for the type `_`
Nov 30 22:25:53.276 INFO [stderr]     --> /cargo-home/registry/src/github.com-1ecc6299db9ec823/petgraph-0.4.12/src/iter_utils.rs:5:5
Nov 30 22:25:53.276 INFO [stderr]      |
Nov 30 22:25:53.276 INFO [stderr] 5    | /     fn find_map<F, R>(&mut self, mut f: F) -> Option<R>
Nov 30 22:25:53.276 INFO [stderr] 6    | |         where F: FnMut(Self::Item) -> Option<R>
Nov 30 22:25:53.276 INFO [stderr] 7    | |     {
Nov 30 22:25:53.276 INFO [stderr] 8    | |         while let Some(elt) = self.next() {
Nov 30 22:25:53.276 INFO [stderr] ...    |
Nov 30 22:25:53.276 INFO [stderr] 13   | |         None
Nov 30 22:25:53.276 INFO [stderr] 14   | |     }
Nov 30 22:25:53.276 INFO [stderr]      | |_____^
Nov 30 22:25:53.276 INFO [stderr]      = note: candidate #2 is defined in an impl of the trait `std::iter::Iterator` for the type `std::iter::Enumerate<_>`
Nov 30 22:25:53.276 INFO [stderr] 
Nov 30 22:25:53.304 INFO [stderr] error[E0034]: multiple applicable items in scope
Nov 30 22:25:53.304 INFO [stderr]     --> /cargo-home/registry/src/github.com-1ecc6299db9ec823/petgraph-0.4.12/src/graph_impl/stable_graph/mod.rs:1573:19
Nov 30 22:25:53.304 INFO [stderr]      |
Nov 30 22:25:53.304 INFO [stderr] 1573 |         self.iter.find_map(|(i, node)| {
Nov 30 22:25:53.304 INFO [stderr]      |                   ^^^^^^^^ multiple `find_map` found
Nov 30 22:25:53.323 INFO [stderr]      |
Nov 30 22:25:53.324 INFO [stderr] note: candidate #1 is defined in an impl of the trait `iter_utils::IterUtilsExt` for the type `_`
Nov 30 22:25:53.324 INFO [stderr]     --> /cargo-home/registry/src/github.com-1ecc6299db9ec823/petgraph-0.4.12/src/iter_utils.rs:5:5
Nov 30 22:25:53.324 INFO [stderr]      |
Nov 30 22:25:53.324 INFO [stderr] 5    | /     fn find_map<F, R>(&mut self, mut f: F) -> Option<R>
Nov 30 22:25:53.324 INFO [stderr] 6    | |         where F: FnMut(Self::Item) -> Option<R>
Nov 30 22:25:53.324 INFO [stderr] 7    | |     {
Nov 30 22:25:53.324 INFO [stderr] 8    | |         while let Some(elt) = self.next() {
Nov 30 22:25:53.324 INFO [stderr] ...    |
Nov 30 22:25:53.324 INFO [stderr] 13   | |         None
Nov 30 22:25:53.324 INFO [stderr] 14   | |     }
Nov 30 22:25:53.324 INFO [stderr]      | |_____^
Nov 30 22:25:53.324 INFO [stderr]      = note: candidate #2 is defined in an impl of the trait `std::iter::Iterator` for the type `std::iter::Enumerate<_>`
Nov 30 22:25:53.324 INFO [stderr] 
Nov 30 22:25:53.396 INFO [stderr]    Compiling tokio-reactor v0.1.2
Nov 30 22:25:55.888 INFO [stderr] error: aborting due to 4 previous errors
Nov 30 22:25:55.889 INFO [stderr] 
Nov 30 22:25:55.890 INFO [stderr] For more information about this error, try `rustc --explain E0034`.
Nov 30 22:25:55.939 INFO [stderr] error: Could not compile `petgraph`.
Nov 30 22:25:55.940 INFO [stderr] warning: build failed, waiting for other jobs to finish...
Nov 30 22:26:26.883 INFO [stderr] error: build failed
Nov 30 22:26:26.887 INFO [stderr] su: No module specific data is present
Nov 30 22:26:29.474 INFO running `"docker" "inspect" "7d7c2f0b2a318c8adf579d0f369f50b38ff384d577eff068e8380ba70ad1d052"`
Nov 30 22:26:29.837 INFO running `"docker" "rm" "-f" "7d7c2f0b2a318c8adf579d0f369f50b38ff384d577eff068e8380ba70ad1d052"`
Nov 30 22:26:30.291 INFO [stdout] 7d7c2f0b2a318c8adf579d0f369f50b38ff384d577eff068e8380ba70ad1d052
